{"id":2756,"date":"2019-07-07T15:42:49","date_gmt":"2019-07-07T13:42:49","guid":{"rendered":"https:\/\/nerja-costa-del-sol.com\/?page_id=2756"},"modified":"2019-07-07T15:45:28","modified_gmt":"2019-07-07T13:45:28","slug":"aviso-legal","status":"publish","type":"page","link":"https:\/\/nerja-costa-del-sol.com\/es\/aviso-legal\/","title":{"rendered":"Aviso legal"},"content":{"rendered":"\n<p>Informaci\u00f3n seg\u00fan el \u00a7 5 de la Ley de Telemedios (TMG)<br>Seg\u00fan \u00a7 5 TMG:<br>Kevin Hall<br>Rotbachweg 14<br>87527 Sonthofen <\/p>\n\n\n\n<p><strong>Contacto:<\/strong><br>E-mail: contacto (@) nerja-costa-del-sol.com<br>Resoluci\u00f3n de disputas:<br>La Comisi\u00f3n Europea proporciona una plataforma para la resoluci\u00f3n de conflictos en l\u00ednea. La plataforma se puede encontrar en http:\/\/ec.europa.eu\/consumers\/odr\/<\/p>\n\n\n\n<p>Responsable del contenido seg\u00fan \u00a7 55 Abs. 2 RStV:<br>Kevin Hall<\/p>\n\n\n\n<p><strong>Descargo de responsabilidad<\/strong><br>Responsabilidad por el contenido<br>Como proveedor de servicios somos responsables seg\u00fan \u00a7 7 Abs.1 TMG de los contenidos propios de estas p\u00e1ginas seg\u00fan las leyes generales. Sin embargo, seg\u00fan los art\u00edculos 8 a 10 de la TMG, como proveedor de servicios no estamos obligados a controlar la informaci\u00f3n externa transmitida o almacenada ni a investigar circunstancias que indiquen una actividad ilegal. Las obligaciones de eliminar o bloquear el uso de la informaci\u00f3n en virtud de la ley general no se ver\u00e1n afectadas. Sin embargo, la responsabilidad a este respecto s\u00f3lo es posible a partir del momento en que se tiene conocimiento de una infracci\u00f3n espec\u00edfica. Tras la notificaci\u00f3n de violaciones apropiadas, eliminaremos este contenido inmediatamente.<\/p>\n\n\n\n<p><strong>Responsabilidad por los enlaces<\/strong><br>Nuestra oferta contiene enlaces a p\u00e1ginas web externas de terceros sobre cuyos contenidos no tenemos ninguna influencia. Por lo tanto, no podemos asumir ninguna responsabilidad por estos contenidos externos. El contenido de las p\u00e1ginas enlazadas es siempre responsabilidad del respectivo proveedor u operador de las p\u00e1ginas. En el momento de establecer el enlace, las p\u00e1ginas enlazadas fueron revisadas en busca de posibles violaciones legales. El contenido ilegal no era reconocible en el momento de la vinculaci\u00f3n. Sin embargo, un control permanente del contenido de las p\u00e1ginas enlazadas no es razonable sin pruebas concretas de una violaci\u00f3n de la ley. Tras la notificaci\u00f3n de las violaciones, eliminaremos dichos enlaces inmediatamente.<\/p>\n\n\n\n<p><strong>derechos de autor<\/strong><br>El contenido y las obras de estas p\u00e1ginas creadas por los operadores del sitio est\u00e1n sujetos a la ley alemana de derechos de autor. La reproducci\u00f3n, el tratamiento, la distribuci\u00f3n y cualquier tipo de explotaci\u00f3n fuera de los l\u00edmites de los derechos de autor requieren el consentimiento por escrito del autor o creador correspondiente. Las descargas y copias de este sitio son s\u00f3lo para uso privado y no comercial. En la medida en que los contenidos de este sitio no hayan sido creados por el operador, se tendr\u00e1n en cuenta los derechos de autor de terceros. En particular, los contenidos de terceros est\u00e1n marcados como tales. En caso de que todav\u00eda tenga conocimiento de una infracci\u00f3n de los derechos de autor, le pedimos una nota. Tras la notificaci\u00f3n de las violaciones, eliminaremos dicho contenido inmediatamente.<\/p>\n\n\n\n<p>Icons de https:\/\/nerja-costa-del-sol.com\/category\/nerja\/strand\/ made by Freepik, Icon Works, OCHA de www.flaticon.com<\/p>\n","protected":false},"excerpt":{"rendered":"<p>Informaci\u00f3n seg\u00fan el \u00a7 5 de la Ley de Telemedios (TMG)Seg\u00fan \u00a7 5 TMG:Kevin HallRotbachweg 1487527 Sonthofen Contacto:E-mail: contacto (@) nerja-costa-del-sol.comResoluci\u00f3n de disputas:La Comisi\u00f3n Europea proporciona una plataforma para la resoluci\u00f3n de conflictos en l\u00ednea. La plataforma se puede encontrar en http:\/\/ec.europa.eu\/consumers\/odr\/ Responsable del contenido seg\u00fan \u00a7 55 Abs. 2 RStV:Kevin Hall Descargo de responsabilidadResponsabilidad [&hellip;]<\/p>\n","protected":false},"author":1,"featured_media":0,"parent":0,"menu_order":0,"comment_status":"closed","ping_status":"closed","template":"","meta":{"footnotes":""},"class_list":["post-2756","page","type-page","status-publish","hentry"],"yoast_head":"<!-- This site is optimized with the Yoast SEO plugin v26.9 - https:\/\/yoast.com\/product\/yoast-seo-wordpress\/ -->\n<title>Aviso legal - Nerja Blog<\/title>\n<meta name=\"robots\" content=\"noindex, nofollow\" \/>\n<meta property=\"og:locale\" content=\"es_ES\" \/>\n<meta property=\"og:type\" content=\"article\" \/>\n<meta property=\"og:title\" content=\"Aviso legal - Nerja Blog\" \/>\n<meta property=\"og:description\" content=\"Informaci\u00f3n seg\u00fan el \u00a7 5 de la Ley de Telemedios (TMG)Seg\u00fan \u00a7 5 TMG:Kevin HallRotbachweg 1487527 Sonthofen Contacto:E-mail: contacto (@) nerja-costa-del-sol.comResoluci\u00f3n de disputas:La Comisi\u00f3n Europea proporciona una plataforma para la resoluci\u00f3n de conflictos en l\u00ednea. La plataforma se puede encontrar en http:\/\/ec.europa.eu\/consumers\/odr\/ Responsable del contenido seg\u00fan \u00a7 55 Abs. 2 RStV:Kevin Hall Descargo de responsabilidadResponsabilidad [&hellip;]\" \/>\n<meta property=\"og:url\" content=\"https:\/\/nerja-costa-del-sol.com\/es\/aviso-legal\/\" \/>\n<meta property=\"og:site_name\" content=\"Nerja Blog\" \/>\n<meta property=\"article:modified_time\" content=\"2019-07-07T13:45:28+00:00\" \/>\n<meta property=\"og:image\" content=\"https:\/\/nerja-costa-del-sol.com\/wp-content\/uploads\/2019\/07\/nerja-blog-fb.jpg\" \/>\n\t<meta property=\"og:image:width\" content=\"1200\" \/>\n\t<meta property=\"og:image:height\" content=\"628\" \/>\n\t<meta property=\"og:image:type\" content=\"image\/jpeg\" \/>\n<meta name=\"twitter:card\" content=\"summary_large_image\" \/>\n<meta name=\"twitter:label1\" content=\"Tiempo de lectura\" \/>\n\t<meta name=\"twitter:data1\" content=\"2 minutos\" \/>\n<script type=\"application\/ld+json\" class=\"yoast-schema-graph\">{\"@context\":\"https:\/\/schema.org\",\"@graph\":[{\"@type\":\"WebPage\",\"@id\":\"https:\/\/nerja-costa-del-sol.com\/es\/aviso-legal\/\",\"url\":\"https:\/\/nerja-costa-del-sol.com\/es\/aviso-legal\/\",\"name\":\"Aviso legal - Nerja Blog\",\"isPartOf\":{\"@id\":\"https:\/\/nerja-costa-del-sol.com\/#website\"},\"datePublished\":\"2019-07-07T13:42:49+00:00\",\"dateModified\":\"2019-07-07T13:45:28+00:00\",\"breadcrumb\":{\"@id\":\"https:\/\/nerja-costa-del-sol.com\/es\/aviso-legal\/#breadcrumb\"},\"inLanguage\":\"es\",\"potentialAction\":[{\"@type\":\"ReadAction\",\"target\":[\"https:\/\/nerja-costa-del-sol.com\/es\/aviso-legal\/\"]}]},{\"@type\":\"BreadcrumbList\",\"@id\":\"https:\/\/nerja-costa-del-sol.com\/es\/aviso-legal\/#breadcrumb\",\"itemListElement\":[{\"@type\":\"ListItem\",\"position\":1,\"name\":\"Startseite\",\"item\":\"https:\/\/nerja-costa-del-sol.com\/es\/\"},{\"@type\":\"ListItem\",\"position\":2,\"name\":\"Aviso legal\"}]},{\"@type\":\"WebSite\",\"@id\":\"https:\/\/nerja-costa-del-sol.com\/#website\",\"url\":\"https:\/\/nerja-costa-del-sol.com\/\",\"name\":\"Nerja Blog\",\"description\":\"Meine Reisetipps und mehr f\u00fcr deinen Urlaub in Nerja an der Costa del Sol\",\"potentialAction\":[{\"@type\":\"SearchAction\",\"target\":{\"@type\":\"EntryPoint\",\"urlTemplate\":\"https:\/\/nerja-costa-del-sol.com\/?s={search_term_string}\"},\"query-input\":{\"@type\":\"PropertyValueSpecification\",\"valueRequired\":true,\"valueName\":\"search_term_string\"}}],\"inLanguage\":\"es\"}]}<\/script>\n<!-- \/ Yoast SEO plugin. -->","yoast_head_json":{"title":"Aviso legal - Nerja Blog","robots":{"index":"noindex","follow":"nofollow"},"og_locale":"es_ES","og_type":"article","og_title":"Aviso legal - Nerja Blog","og_description":"Informaci\u00f3n seg\u00fan el \u00a7 5 de la Ley de Telemedios (TMG)Seg\u00fan \u00a7 5 TMG:Kevin HallRotbachweg 1487527 Sonthofen Contacto:E-mail: contacto (@) nerja-costa-del-sol.comResoluci\u00f3n de disputas:La Comisi\u00f3n Europea proporciona una plataforma para la resoluci\u00f3n de conflictos en l\u00ednea. La plataforma se puede encontrar en http:\/\/ec.europa.eu\/consumers\/odr\/ Responsable del contenido seg\u00fan \u00a7 55 Abs. 2 RStV:Kevin Hall Descargo de responsabilidadResponsabilidad [&hellip;]","og_url":"https:\/\/nerja-costa-del-sol.com\/es\/aviso-legal\/","og_site_name":"Nerja Blog","article_modified_time":"2019-07-07T13:45:28+00:00","og_image":[{"width":1200,"height":628,"url":"https:\/\/nerja-costa-del-sol.com\/wp-content\/uploads\/2019\/07\/nerja-blog-fb.jpg","type":"image\/jpeg"}],"twitter_card":"summary_large_image","twitter_misc":{"Tiempo de lectura":"2 minutos"},"schema":{"@context":"https:\/\/schema.org","@graph":[{"@type":"WebPage","@id":"https:\/\/nerja-costa-del-sol.com\/es\/aviso-legal\/","url":"https:\/\/nerja-costa-del-sol.com\/es\/aviso-legal\/","name":"Aviso legal - Nerja Blog","isPartOf":{"@id":"https:\/\/nerja-costa-del-sol.com\/#website"},"datePublished":"2019-07-07T13:42:49+00:00","dateModified":"2019-07-07T13:45:28+00:00","breadcrumb":{"@id":"https:\/\/nerja-costa-del-sol.com\/es\/aviso-legal\/#breadcrumb"},"inLanguage":"es","potentialAction":[{"@type":"ReadAction","target":["https:\/\/nerja-costa-del-sol.com\/es\/aviso-legal\/"]}]},{"@type":"BreadcrumbList","@id":"https:\/\/nerja-costa-del-sol.com\/es\/aviso-legal\/#breadcrumb","itemListElement":[{"@type":"ListItem","position":1,"name":"Startseite","item":"https:\/\/nerja-costa-del-sol.com\/es\/"},{"@type":"ListItem","position":2,"name":"Aviso legal"}]},{"@type":"WebSite","@id":"https:\/\/nerja-costa-del-sol.com\/#website","url":"https:\/\/nerja-costa-del-sol.com\/","name":"Nerja Blog","description":"Meine Reisetipps und mehr f\u00fcr deinen Urlaub in Nerja an der Costa del Sol","potentialAction":[{"@type":"SearchAction","target":{"@type":"EntryPoint","urlTemplate":"https:\/\/nerja-costa-del-sol.com\/?s={search_term_string}"},"query-input":{"@type":"PropertyValueSpecification","valueRequired":true,"valueName":"search_term_string"}}],"inLanguage":"es"}]}},"_links":{"self":[{"href":"https:\/\/nerja-costa-del-sol.com\/es\/wp-json\/wp\/v2\/pages\/2756","targetHints":{"allow":["GET"]}}],"collection":[{"href":"https:\/\/nerja-costa-del-sol.com\/es\/wp-json\/wp\/v2\/pages"}],"about":[{"href":"https:\/\/nerja-costa-del-sol.com\/es\/wp-json\/wp\/v2\/types\/page"}],"author":[{"embeddable":true,"href":"https:\/\/nerja-costa-del-sol.com\/es\/wp-json\/wp\/v2\/users\/1"}],"replies":[{"embeddable":true,"href":"https:\/\/nerja-costa-del-sol.com\/es\/wp-json\/wp\/v2\/comments?post=2756"}],"version-history":[{"count":1,"href":"https:\/\/nerja-costa-del-sol.com\/es\/wp-json\/wp\/v2\/pages\/2756\/revisions"}],"predecessor-version":[{"id":2757,"href":"https:\/\/nerja-costa-del-sol.com\/es\/wp-json\/wp\/v2\/pages\/2756\/revisions\/2757"}],"wp:attachment":[{"href":"https:\/\/nerja-costa-del-sol.com\/es\/wp-json\/wp\/v2\/media?parent=2756"}],"curies":[{"name":"wp","href":"https:\/\/api.w.org\/{rel}","templated":true}]}}

<p>Información según el § 5 de la Ley de Telemedios (TMG)<br>Según § 5 TMG:<br>Kevin Hall<br>Rotbachweg 14<br>87527 Sonthofen </p>



<p><strong>Contacto:</strong><br>E-mail: contacto (@) nerja-costa-del-sol.com<br>Resolución de disputas:<br>La Comisión Europea proporciona una plataforma para la resolución de conflictos en línea. La plataforma se puede encontrar en http://ec.europa.eu/consumers/odr/</p>



<p>Responsable del contenido según § 55 Abs. 2 RStV:<br>Kevin Hall</p>



<p><strong>Descargo de responsabilidad</strong><br>Responsabilidad por el contenido<br>Como proveedor de servicios somos responsables según § 7 Abs.1 TMG de los contenidos propios de estas páginas según las leyes generales. Sin embargo, según los artículos 8 a 10 de la TMG, como proveedor de servicios no estamos obligados a controlar la información externa transmitida o almacenada ni a investigar circunstancias que indiquen una actividad ilegal. Las obligaciones de eliminar o bloquear el uso de la información en virtud de la ley general no se verán afectadas. Sin embargo, la responsabilidad a este respecto sólo es posible a partir del momento en que se tiene conocimiento de una infracción específica. Tras la notificación de violaciones apropiadas, eliminaremos este contenido inmediatamente.</p>



<p><strong>Responsabilidad por los enlaces</strong><br>Nuestra oferta contiene enlaces a páginas web externas de terceros sobre cuyos contenidos no tenemos ninguna influencia. Por lo tanto, no podemos asumir ninguna responsabilidad por estos contenidos externos. El contenido de las páginas enlazadas es siempre responsabilidad del respectivo proveedor u operador de las páginas. En el momento de establecer el enlace, las páginas enlazadas fueron revisadas en busca de posibles violaciones legales. El contenido ilegal no era reconocible en el momento de la vinculación. Sin embargo, un control permanente del contenido de las páginas enlazadas no es razonable sin pruebas concretas de una violación de la ley. Tras la notificación de las violaciones, eliminaremos dichos enlaces inmediatamente.</p>



<p><strong>derechos de autor</strong><br>El contenido y las obras de estas páginas creadas por los operadores del sitio están sujetos a la ley alemana de derechos de autor. La reproducción, el tratamiento, la distribución y cualquier tipo de explotación fuera de los límites de los derechos de autor requieren el consentimiento por escrito del autor o creador correspondiente. Las descargas y copias de este sitio son sólo para uso privado y no comercial. En la medida en que los contenidos de este sitio no hayan sido creados por el operador, se tendrán en cuenta los derechos de autor de terceros. En particular, los contenidos de terceros están marcados como tales. En caso de que todavía tenga conocimiento de una infracción de los derechos de autor, le pedimos una nota. Tras la notificación de las violaciones, eliminaremos dicho contenido inmediatamente.</p>



<p>Icons de https://nerja-costa-del-sol.com/category/nerja/strand/ made by Freepik, Icon Works, OCHA de www.flaticon.com</p>

<p>Información según el § 5 de la Ley de Telemedios (TMG)Según § 5 TMG:Kevin HallRotbachweg 1487527 Sonthofen Contacto:E-mail: contacto (@) nerja-costa-del-sol.comResolución de disputas:La Comisión Europea proporciona una plataforma para la resolución de conflictos en línea. La plataforma se puede encontrar en http://ec.europa.eu/consumers/odr/ Responsable del contenido según § 55 Abs. 2 RStV:Kevin Hall Descargo de responsabilidadResponsabilidad [&hellip;]</p>

<!-- This site is optimized with the Yoast SEO plugin v26.9 - https://yoast.com/product/yoast-seo-wordpress/ -->
<title>Aviso legal - Nerja Blog</title>
<meta name="robots" content="noindex, nofollow" />
<meta property="og:locale" content="es_ES" />
<meta property="og:type" content="article" />
<meta property="og:title" content="Aviso legal - Nerja Blog" />
<meta property="og:description" content="Información según el § 5 de la Ley de Telemedios (TMG)Según § 5 TMG:Kevin HallRotbachweg 1487527 Sonthofen Contacto:E-mail: contacto (@) nerja-costa-del-sol.comResolución de disputas:La Comisión Europea proporciona una plataforma para la resolución de conflictos en línea. La plataforma se puede encontrar en http://ec.europa.eu/consumers/odr/ Responsable del contenido según § 55 Abs. 2 RStV:Kevin Hall Descargo de responsabilidadResponsabilidad [&hellip;]" />
<meta property="og:url" content="https://nerja-costa-del-sol.com/es/aviso-legal/" />
<meta property="og:site_name" content="Nerja Blog" />
<meta property="article:modified_time" content="2019-07-07T13:45:28+00:00" />
<meta property="og:image" content="https://nerja-costa-del-sol.com/wp-content/uploads/2019/07/nerja-blog-fb.jpg" />
	<meta property="og:image:width" content="1200" />
	<meta property="og:image:height" content="628" />
	<meta property="og:image:type" content="image/jpeg" />
<meta name="twitter:card" content="summary_large_image" />
<meta name="twitter:label1" content="Tiempo de lectura" />
	<meta name="twitter:data1" content="2 minutos" />
<script type="application/ld+json" class="yoast-schema-graph">{"@context":"https://schema.org","@graph":[{"@type":"WebPage","@id":"https://nerja-costa-del-sol.com/es/aviso-legal/","url":"https://nerja-costa-del-sol.com/es/aviso-legal/","name":"Aviso legal - Nerja Blog","isPartOf":{"@id":"https://nerja-costa-del-sol.com/#website"},"datePublished":"2019-07-07T13:42:49+00:00","dateModified":"2019-07-07T13:45:28+00:00","breadcrumb":{"@id":"https://nerja-costa-del-sol.com/es/aviso-legal/#breadcrumb"},"inLanguage":"es","potentialAction":[{"@type":"ReadAction","target":["https://nerja-costa-del-sol.com/es/aviso-legal/"]}]},{"@type":"BreadcrumbList","@id":"https://nerja-costa-del-sol.com/es/aviso-legal/#breadcrumb","itemListElement":[{"@type":"ListItem","position":1,"name":"Startseite","item":"https://nerja-costa-del-sol.com/es/"},{"@type":"ListItem","position":2,"name":"Aviso legal"}]},{"@type":"WebSite","@id":"https://nerja-costa-del-sol.com/#website","url":"https://nerja-costa-del-sol.com/","name":"Nerja Blog","description":"Meine Reisetipps und mehr für deinen Urlaub in Nerja an der Costa del Sol","potentialAction":[{"@type":"SearchAction","target":{"@type":"EntryPoint","urlTemplate":"https://nerja-costa-del-sol.com/?s={search_term_string}"},"query-input":{"@type":"PropertyValueSpecification","valueRequired":true,"valueName":"search_term_string"}}],"inLanguage":"es"}]}</script>
<!-- / Yoast SEO plugin. -->

Información según el § 5 de la Ley de Telemedios (TMG)Según § 5 TMG:Kevin HallRotbachweg 1487527 Sonthofen Contacto:E-mail: contacto (@) nerja-costa-del-sol.comResolución de disputas:La Comisión Europea proporciona una plataforma para la resolución de conflictos en línea. La plataforma se puede encontrar en http://ec.europa.eu/consumers/odr/ Responsable del contenido según § 55 Abs. 2 RStV:Kevin Hall Descargo de responsabilidadResponsabilidad [&hellip;]

Meine Reisetipps und mehr für deinen Urlaub in Nerja an der Costa del Sol
